{"id":1866,"date":"2025-12-03T07:25:38","date_gmt":"2025-12-03T10:25:38","guid":{"rendered":"https:\/\/educamb.mma.gov.br\/?page_id=1866"},"modified":"2026-02-02T08:02:12","modified_gmt":"2026-02-02T11:02:12","slug":"curso-teorico-de-qualificacao-em-tecnicas-de-esterilizacao-cirurgicas-minimamente-invasivas-em-caes-e-gatos","status":"publish","type":"page","link":"https:\/\/educamb.mma.gov.br\/?page_id=1866","title":{"rendered":"Curso Te\u00f3rico de Qualifica\u00e7\u00e3o em T\u00e9cnicas de Esteriliza\u00e7\u00e3o Cir\u00fargicas Minimamente Invasivas em C\u00e3es e Gatos"},"content":{"rendered":"\t\t<div data-elementor-type=\"wp-page\" data-elementor-id=\"1866\" class=\"elementor elementor-1866\">\n\t\t\t\t<div class=\"elementor-element elementor-element-baadb0c e-con-full e-flex wpr-particle-no wpr-jarallax-no wpr-parallax-no wpr-sticky-section-no e-con e-parent\" data-id=\"baadb0c\" data-element_type=\"container\" data-settings=\"{&quot;background_background&quot;:&quot;classic&quot;}\">\n\t\t<div class=\"elementor-element elementor-element-6933b16 e-flex e-con-boxed wpr-particle-no wpr-jarallax-no wpr-parallax-no wpr-sticky-section-no e-con e-child\" data-id=\"6933b16\" data-element_type=\"container\">\n\t\t\t\t\t<div class=\"e-con-inner\">\n\t\t<div class=\"elementor-element elementor-element-acacf6f e-con-full e-flex wpr-particle-no wpr-jarallax-no wpr-parallax-no wpr-sticky-section-no e-con e-child\" data-id=\"acacf6f\" data-element_type=\"container\">\n\t\t<div class=\"elementor-element elementor-element-f8f4ac7 e-con-full e-flex wpr-particle-no wpr-jarallax-no wpr-parallax-no wpr-sticky-section-no e-con e-child\" data-id=\"f8f4ac7\" data-element_type=\"container\">\n\t\t<div class=\"elementor-element elementor-element-c815d73 e-grid e-con-full wpr-particle-no wpr-jarallax-no wpr-parallax-no wpr-sticky-section-no e-con e-child\" data-id=\"c815d73\" data-element_type=\"container\">\n\t\t<div class=\"elementor-element elementor-element-8bc8f77 e-con-full e-flex wpr-particle-no wpr-jarallax-no wpr-parallax-no wpr-sticky-section-no e-con e-child\" data-id=\"8bc8f77\" data-element_type=\"container\">\n\t\t\t\t<div class=\"elementor-element elementor-element-4ef5cc1 elementor-widget elementor-widget-heading\" data-id=\"4ef5cc1\" data-element_type=\"widget\" data-widget_type=\"heading.default\">\n\t\t\t\t<div class=\"elementor-widget-container\">\n\t\t\t\t\t<h2 class=\"elementor-heading-title elementor-size-default\">Curso Te\u00f3rico de Qualifica\u00e7\u00e3o em T\u00e9cnicas de Esteriliza\u00e7\u00e3o Cir\u00fargicas Minimamente Invasivas em C\u00e3es e Gatos<\/h2>\t\t\t\t<\/div>\n\t\t\t\t<\/div>\n\t\t\t\t<div class=\"elementor-element elementor-element-215781c elementor-widget elementor-widget-text-editor\" data-id=\"215781c\" data-element_type=\"widget\" data-widget_type=\"text-editor.default\">\n\t\t\t\t<div class=\"elementor-widget-container\">\n\t\t\t\t\t\t\t\t\t<p>O Curso Te\u00f3rico de Qualifica\u00e7\u00e3o em T\u00e9cnicas de Esteriliza\u00e7\u00e3o Cir\u00fargica Minimamente Invasiva em C\u00e3es e Gatos \u00e9 ofertado em parceria entre o Minist\u00e9rio do Meio Ambiente e Mudan\u00e7a do Clima (MMA), a Universidade Federal de Alagoas (UFAL) e a Universidade Federal do Paran\u00e1 (UFPR), tem como objetivo fortalecer as a\u00e7\u00f5es de manejo populacional \u00e9tico de c\u00e3es e gatos, promovendo pr\u00e1ticas cir\u00fargicas respons\u00e1veis, seguras e alinhadas ao respeito \u00e0 vida. A esteriliza\u00e7\u00e3o cir\u00fargica \u00e9 reconhecida como um m\u00e9todo seguro, eficaz e humanit\u00e1rio de controle reprodutivo, garantindo resultados precisos e permanentes. Por isso, \u00e9 fundamental que profissionais da Medicina Veterin\u00e1ria mantenham-se atualizados em t\u00e9cnicas minimamente invasivas \u2014 aplic\u00e1veis tanto a animais de companhia quanto \u00e0queles em situa\u00e7\u00e3o de abandono \u2014 contribuindo para o bem-estar animal, a sa\u00fade p\u00fablica e a prote\u00e7\u00e3o ambiental.<\/p>\t\t\t\t\t\t\t\t<\/div>\n\t\t\t\t<\/div>\n\t\t\t\t<\/div>\n\t\t<div class=\"elementor-element elementor-element-e932203 e-con-full e-flex wpr-particle-no wpr-jarallax-no wpr-parallax-no wpr-sticky-section-no e-con e-child\" data-id=\"e932203\" data-element_type=\"container\">\n\t\t\t\t<div class=\"elementor-element elementor-element-842e877 elementor-widget elementor-widget-image\" data-id=\"842e877\" data-element_type=\"widget\" data-widget_type=\"image.default\">\n\t\t\t\t<div class=\"elementor-widget-container\">\n\t\t\t\t\t\t\t\t\t\t\t\t\t\t\t<img fetchpriority=\"high\" decoding=\"async\" width=\"800\" height=\"533\" src=\"https:\/\/educamb.mma.gov.br\/wp-content\/uploads\/2025\/12\/Card-4.png\" class=\"attachment-large size-large wp-image-1903\" alt=\"\" srcset=\"https:\/\/educamb.mma.gov.br\/wp-content\/uploads\/2025\/12\/Card-4.png 948w, https:\/\/educamb.mma.gov.br\/wp-content\/uploads\/2025\/12\/Card-4-300x200.png 300w, https:\/\/educamb.mma.gov.br\/wp-content\/uploads\/2025\/12\/Card-4-768x512.png 768w\" sizes=\"(max-width: 800px) 100vw, 800px\" \/>\t\t\t\t\t\t\t\t\t\t\t\t\t\t\t<\/div>\n\t\t\t\t<\/div>\n\t\t\t\t<\/div>\n\t\t\t\t<\/div>\n\t\t\t\t<div class=\"elementor-element elementor-element-40228b9 elementor-widget elementor-widget-heading\" data-id=\"40228b9\" data-element_type=\"widget\" data-widget_type=\"heading.default\">\n\t\t\t\t<div class=\"elementor-widget-container\">\n\t\t\t\t\t<h2 class=\"elementor-heading-title elementor-size-default\"><b>Etapas do Curso<\/b><\/h2>\t\t\t\t<\/div>\n\t\t\t\t<\/div>\n\t\t\t\t<div class=\"elementor-element elementor-element-9524a8a elementor-widget elementor-widget-text-editor\" data-id=\"9524a8a\" data-element_type=\"widget\" data-widget_type=\"text-editor.default\">\n\t\t\t\t<div class=\"elementor-widget-container\">\n\t\t\t\t\t\t\t\t\t<p><span style=\"font-size: 1rem;\"><b>1. Parte Te\u00f3rica (on-line)<\/b><\/span><\/p><p>Pr\u00e9-inscri\u00e7\u00e3o exclusiva para m\u00e9dicos-veterin\u00e1rios regularmente inscritos nos seus respectivos Conselhos Regionais de Medicina Veterin\u00e1ria.<br \/><em>Per\u00edodo de pr\u00e9-inscri\u00e7\u00e3o:<\/em> 08\/12\/2025 a 24\/01\/2026.<br \/>Os candidatos aptos receber\u00e3o um link fechado para efetivar a inscri\u00e7\u00e3o.<\/p><p><strong>2. Parte Pr\u00e1tica Presencial<\/strong><\/p><p>Vagas inicialmente limitadas, preenchidas conforme crit\u00e9rios de prioridade.<br \/>Locais de realiza\u00e7\u00e3o:<br \/>UFAL \u2013 Universidade Federal de Alagoas<br \/>UFPR \u2013 Universidade Federal do Paran\u00e1<\/p><p>Carga hor\u00e1ria: 16 horas\/aula (em dois dias, conforme agendamento).<br \/>Despesas de deslocamento e hospedagem s\u00e3o de reponsabilidade do participante.<\/p><p><strong>Crit\u00e9rios de Prioridade para as Vagas Presenciais<\/strong><\/p><p>M\u00e9dicos-veterin\u00e1rios do servi\u00e7o p\u00fablico que atuem em programas municipais de manejo populacional ou em Unidades de Conserva\u00e7\u00e3o.<\/p><p>M\u00e9dicos-veterin\u00e1rios que:<\/p><ul><li>Atuam em projetos financiados pelo MMA;<\/li><li>Trabalham h\u00e1 mais de 12 meses em ONGs, abrigos ou mutir\u00f5es de castra\u00e7\u00e3o;<\/li><li>Possuem v\u00ednculo com institui\u00e7\u00f5es de ensino de Medicina Veterin\u00e1ria;<\/li><li>Atuam em cl\u00ednicas ou hospitais privados que atendem ONGs e mutir\u00f5es;<\/li><li>Atuam em munic\u00edpios com popula\u00e7\u00e3o inferior a 50 mil habitantes.<\/li><\/ul>\t\t\t\t\t\t\t\t<\/div>\n\t\t\t\t<\/div>\n\t\t<div class=\"elementor-element elementor-element-d55a686 e-grid e-con-full wpr-particle-no wpr-jarallax-no wpr-parallax-no wpr-sticky-section-no e-con e-child\" data-id=\"d55a686\" data-element_type=\"container\">\n\t\t\t\t<div class=\"elementor-element elementor-element-5703e36 wpr-advanced-accordion-icon-side-box elementor-widget elementor-widget-wpr-advanced-accordion\" data-id=\"5703e36\" data-element_type=\"widget\" data-settings=\"{&quot;active_item&quot;:1}\" data-widget_type=\"wpr-advanced-accordion.default\">\n\t\t\t\t<div class=\"elementor-widget-container\">\n\t\t\t\t\t\n            <div class=\"wpr-advanced-accordion\" data-accordion-type=\"toggle\" data-active-index=\"1\" data-accordion-trigger=\"click\" data-interaction-speed=\"0.4\">\n\n\t\t\t\n                \n\t\t\t\t\t<div class=\"wpr-accordion-item-wrap\">\n\t\t\t\t\t\t<button class=\"wpr-acc-button\">\n\t\t\t\t\t\t\t<span class=\"wpr-acc-item-title\">\n\t\t\t\t\t\t\t\t\t\t\t\t\t\t\t\t\t<div class=\"wpr-acc-icon-box\">\n\t\t\t\t\t\t\t\t\t\t\t\t\t\t<span class=\"wpr-title-icon\">\n\t\t\t\t\t<i aria-hidden=\"true\" class=\"icon icon-calendar1\"><\/i>\t\t\t\t<\/span>\n\t\t\t\t\t\t\t\t\t\t\t\t<\/div>\n\t\t\t\t\t\t\t\t\n\t\t\t\t\t\t\t\t<span class=\"wpr-acc-title-text\">Carga Hor\u00e1ria<\/span>\n\t\t\t\t\t\t\t<\/span>\n\t\t\t\t\t\t\t\t\t\t\t<span class=\"wpr-toggle-icon wpr-ti-close\"><svg aria-hidden=\"true\" class=\"e-font-icon-svg e-fas-plus\" viewBox=\"0 0 448 512\" xmlns=\"http:\/\/www.w3.org\/2000\/svg\"><path d=\"M416 208H272V64c0-17.67-14.33-32-32-32h-32c-17.67 0-32 14.33-32 32v144H32c-17.67 0-32 14.33-32 32v32c0 17.67 14.33 32 32 32h144v144c0 17.67 14.33 32 32 32h32c17.67 0 32-14.33 32-32V304h144c17.67 0 32-14.33 32-32v-32c0-17.67-14.33-32-32-32z\"><\/path><\/svg><\/span>\n\t\t\t\t<span class=\"wpr-toggle-icon wpr-ti-open\"><svg aria-hidden=\"true\" class=\"e-font-icon-svg e-fas-minus\" viewBox=\"0 0 448 512\" xmlns=\"http:\/\/www.w3.org\/2000\/svg\"><path d=\"M416 208H32c-17.67 0-32 14.33-32 32v32c0 17.67 14.33 32 32 32h384c17.67 0 32-14.33 32-32v-32c0-17.67-14.33-32-32-32z\"><\/path><\/svg><\/span>\n\t\t\t\t\t\t\t\t\t<\/button>\n\n\t\t\t\t\t\t<div class=\"wpr-acc-panel\">\n\t\t\t\t\t\t\t\t\t\t\t\t\t\t\t<div class=\"wpr-acc-panel-content\"><p>22 horas<\/p><\/div>\n\t\t\t\t\t\t\t\t\t\t\t\t\t<\/div>\n                    <\/div>\n\n                \n\t\t\t\t\t<div class=\"wpr-accordion-item-wrap\">\n\t\t\t\t\t\t<button class=\"wpr-acc-button\">\n\t\t\t\t\t\t\t<span class=\"wpr-acc-item-title\">\n\t\t\t\t\t\t\t\t\t\t\t\t\t\t\t\t\t<div class=\"wpr-acc-icon-box\">\n\t\t\t\t\t\t\t\t\t\t\t\t\t\t<span class=\"wpr-title-icon\">\n\t\t\t\t\t<i aria-hidden=\"true\" class=\"icon icon-Computer\"><\/i>\t\t\t\t<\/span>\n\t\t\t\t\t\t\t\t\t\t\t\t<\/div>\n\t\t\t\t\t\t\t\t\n\t\t\t\t\t\t\t\t<span class=\"wpr-acc-title-text\">Modalidade<\/span>\n\t\t\t\t\t\t\t<\/span>\n\t\t\t\t\t\t\t\t\t\t\t<span class=\"wpr-toggle-icon wpr-ti-close\"><svg aria-hidden=\"true\" class=\"e-font-icon-svg e-fas-plus\" viewBox=\"0 0 448 512\" xmlns=\"http:\/\/www.w3.org\/2000\/svg\"><path d=\"M416 208H272V64c0-17.67-14.33-32-32-32h-32c-17.67 0-32 14.33-32 32v144H32c-17.67 0-32 14.33-32 32v32c0 17.67 14.33 32 32 32h144v144c0 17.67 14.33 32 32 32h32c17.67 0 32-14.33 32-32V304h144c17.67 0 32-14.33 32-32v-32c0-17.67-14.33-32-32-32z\"><\/path><\/svg><\/span>\n\t\t\t\t<span class=\"wpr-toggle-icon wpr-ti-open\"><svg aria-hidden=\"true\" class=\"e-font-icon-svg e-fas-minus\" viewBox=\"0 0 448 512\" xmlns=\"http:\/\/www.w3.org\/2000\/svg\"><path d=\"M416 208H32c-17.67 0-32 14.33-32 32v32c0 17.67 14.33 32 32 32h384c17.67 0 32-14.33 32-32v-32c0-17.67-14.33-32-32-32z\"><\/path><\/svg><\/span>\n\t\t\t\t\t\t\t\t\t<\/button>\n\n\t\t\t\t\t\t<div class=\"wpr-acc-panel\">\n\t\t\t\t\t\t\t\t\t\t\t\t\t\t\t<div class=\"wpr-acc-panel-content\"><p><span style=\"font-weight: 400;\">100% online<\/span><\/p><\/div>\n\t\t\t\t\t\t\t\t\t\t\t\t\t<\/div>\n                    <\/div>\n\n                \n\t\t\t\t\t<div class=\"wpr-accordion-item-wrap\">\n\t\t\t\t\t\t<button class=\"wpr-acc-button\">\n\t\t\t\t\t\t\t<span class=\"wpr-acc-item-title\">\n\t\t\t\t\t\t\t\t\t\t\t\t\t\t\t\t\t<div class=\"wpr-acc-icon-box\">\n\t\t\t\t\t\t\t\t\t\t\t\t\t\t<span class=\"wpr-title-icon\">\n\t\t\t\t\t<i aria-hidden=\"true\" class=\"icon icon-users1\"><\/i>\t\t\t\t<\/span>\n\t\t\t\t\t\t\t\t\t\t\t\t<\/div>\n\t\t\t\t\t\t\t\t\n\t\t\t\t\t\t\t\t<span class=\"wpr-acc-title-text\">P\u00fablico-alvo<\/span>\n\t\t\t\t\t\t\t<\/span>\n\t\t\t\t\t\t\t\t\t\t\t<span class=\"wpr-toggle-icon wpr-ti-close\"><svg aria-hidden=\"true\" class=\"e-font-icon-svg e-fas-plus\" viewBox=\"0 0 448 512\" xmlns=\"http:\/\/www.w3.org\/2000\/svg\"><path d=\"M416 208H272V64c0-17.67-14.33-32-32-32h-32c-17.67 0-32 14.33-32 32v144H32c-17.67 0-32 14.33-32 32v32c0 17.67 14.33 32 32 32h144v144c0 17.67 14.33 32 32 32h32c17.67 0 32-14.33 32-32V304h144c17.67 0 32-14.33 32-32v-32c0-17.67-14.33-32-32-32z\"><\/path><\/svg><\/span>\n\t\t\t\t<span class=\"wpr-toggle-icon wpr-ti-open\"><svg aria-hidden=\"true\" class=\"e-font-icon-svg e-fas-minus\" viewBox=\"0 0 448 512\" xmlns=\"http:\/\/www.w3.org\/2000\/svg\"><path d=\"M416 208H32c-17.67 0-32 14.33-32 32v32c0 17.67 14.33 32 32 32h384c17.67 0 32-14.33 32-32v-32c0-17.67-14.33-32-32-32z\"><\/path><\/svg><\/span>\n\t\t\t\t\t\t\t\t\t<\/button>\n\n\t\t\t\t\t\t<div class=\"wpr-acc-panel\">\n\t\t\t\t\t\t\t\t\t\t\t\t\t\t\t<div class=\"wpr-acc-panel-content\"><p>Este curso \u00e9 voltado exclusivamente a M\u00e9dicos-Veterin\u00e1rios, com \u00eanfase na qualifica\u00e7\u00e3o de gestores e profissionais engajados na promo\u00e7\u00e3o de Pol\u00edticas P\u00fablicas de Sa\u00fade Animal.<\/p><\/div>\n\t\t\t\t\t\t\t\t\t\t\t\t\t<\/div>\n                    <\/div>\n\n                \n\t\t\t\t\t<div class=\"wpr-accordion-item-wrap\">\n\t\t\t\t\t\t<button class=\"wpr-acc-button\">\n\t\t\t\t\t\t\t<span class=\"wpr-acc-item-title\">\n\t\t\t\t\t\t\t\t\t\t\t\t\t\t\t\t\t<div class=\"wpr-acc-icon-box\">\n\t\t\t\t\t\t\t\t\t\t\t\t\t\t<span class=\"wpr-title-icon\">\n\t\t\t\t\t<i aria-hidden=\"true\" class=\"icon icon-edit\"><\/i>\t\t\t\t<\/span>\n\t\t\t\t\t\t\t\t\t\t\t\t<\/div>\n\t\t\t\t\t\t\t\t\n\t\t\t\t\t\t\t\t<span class=\"wpr-acc-title-text\">Objetivo Geral<\/span>\n\t\t\t\t\t\t\t<\/span>\n\t\t\t\t\t\t\t\t\t\t\t<span class=\"wpr-toggle-icon wpr-ti-close\"><svg aria-hidden=\"true\" class=\"e-font-icon-svg e-fas-plus\" viewBox=\"0 0 448 512\" xmlns=\"http:\/\/www.w3.org\/2000\/svg\"><path d=\"M416 208H272V64c0-17.67-14.33-32-32-32h-32c-17.67 0-32 14.33-32 32v144H32c-17.67 0-32 14.33-32 32v32c0 17.67 14.33 32 32 32h144v144c0 17.67 14.33 32 32 32h32c17.67 0 32-14.33 32-32V304h144c17.67 0 32-14.33 32-32v-32c0-17.67-14.33-32-32-32z\"><\/path><\/svg><\/span>\n\t\t\t\t<span class=\"wpr-toggle-icon wpr-ti-open\"><svg aria-hidden=\"true\" class=\"e-font-icon-svg e-fas-minus\" viewBox=\"0 0 448 512\" xmlns=\"http:\/\/www.w3.org\/2000\/svg\"><path d=\"M416 208H32c-17.67 0-32 14.33-32 32v32c0 17.67 14.33 32 32 32h384c17.67 0 32-14.33 32-32v-32c0-17.67-14.33-32-32-32z\"><\/path><\/svg><\/span>\n\t\t\t\t\t\t\t\t\t<\/button>\n\n\t\t\t\t\t\t<div class=\"wpr-acc-panel\">\n\t\t\t\t\t\t\t\t\t\t\t\t\t\t\t<div class=\"wpr-acc-panel-content\"><p>Qualificar m\u00e9dicos veterin\u00e1rios para atuarem em programas de manejo populacional \u00e9tico nos munic\u00edpios, em conson\u00e2ncia com o Programa Nacional de Prote\u00e7\u00e3o e Manejo Populacional \u00c9tico de C\u00e3es e Gatos.<\/p><\/div>\n\t\t\t\t\t\t\t\t\t\t\t\t\t<\/div>\n                    <\/div>\n\n                \n\t\t\t\t\t<div class=\"wpr-accordion-item-wrap\">\n\t\t\t\t\t\t<button class=\"wpr-acc-button\">\n\t\t\t\t\t\t\t<span class=\"wpr-acc-item-title\">\n\t\t\t\t\t\t\t\t\t\t\t\t\t\t\t\t\t<div class=\"wpr-acc-icon-box\">\n\t\t\t\t\t\t\t\t\t\t\t\t\t\t<span class=\"wpr-title-icon\">\n\t\t\t\t\t<i aria-hidden=\"true\" class=\"icon icon-stylish-list\"><\/i>\t\t\t\t<\/span>\n\t\t\t\t\t\t\t\t\t\t\t\t<\/div>\n\t\t\t\t\t\t\t\t\n\t\t\t\t\t\t\t\t<span class=\"wpr-acc-title-text\">Conte\u00fado Program\u00e1tico<\/span>\n\t\t\t\t\t\t\t<\/span>\n\t\t\t\t\t\t\t\t\t\t\t<span class=\"wpr-toggle-icon wpr-ti-close\"><svg aria-hidden=\"true\" class=\"e-font-icon-svg e-fas-plus\" viewBox=\"0 0 448 512\" xmlns=\"http:\/\/www.w3.org\/2000\/svg\"><path d=\"M416 208H272V64c0-17.67-14.33-32-32-32h-32c-17.67 0-32 14.33-32 32v144H32c-17.67 0-32 14.33-32 32v32c0 17.67 14.33 32 32 32h144v144c0 17.67 14.33 32 32 32h32c17.67 0 32-14.33 32-32V304h144c17.67 0 32-14.33 32-32v-32c0-17.67-14.33-32-32-32z\"><\/path><\/svg><\/span>\n\t\t\t\t<span class=\"wpr-toggle-icon wpr-ti-open\"><svg aria-hidden=\"true\" class=\"e-font-icon-svg e-fas-minus\" viewBox=\"0 0 448 512\" xmlns=\"http:\/\/www.w3.org\/2000\/svg\"><path d=\"M416 208H32c-17.67 0-32 14.33-32 32v32c0 17.67 14.33 32 32 32h384c17.67 0 32-14.33 32-32v-32c0-17.67-14.33-32-32-32z\"><\/path><\/svg><\/span>\n\t\t\t\t\t\t\t\t\t<\/button>\n\n\t\t\t\t\t\t<div class=\"wpr-acc-panel\">\n\t\t\t\t\t\t\t\t\t\t\t\t\t\t\t<div class=\"wpr-acc-panel-content\"><p><strong>M\u00f3dulo 01<\/strong> \u2013 Programa de manejo populacional e aspectos epidemiol\u00f3gicos<br \/><strong>M\u00f3dulo 02<\/strong> \u2013 Zoonoses<br \/><strong>M\u00f3dulo 03<\/strong> \u2013 T\u00f3picos aplicados \u00e0 anestesia e cirurgia em campanhas de esteriliza\u00e7\u00e3o<\/p><\/div>\n\t\t\t\t\t\t\t\t\t\t\t\t\t<\/div>\n                    <\/div>\n\n                            <\/div>\n        \t\t\t\t<\/div>\n\t\t\t\t<\/div>\n\t\t<div class=\"elementor-element elementor-element-140dd92 e-con-full e-flex wpr-particle-no wpr-jarallax-no wpr-parallax-no wpr-sticky-section-no e-con e-child\" data-id=\"140dd92\" data-element_type=\"container\">\n\t\t\t\t<div class=\"elementor-element elementor-element-a30745c elementor-align-left elementor-mobile-align-justify elementor-widget elementor-widget-button\" data-id=\"a30745c\" data-element_type=\"widget\" data-widget_type=\"button.default\">\n\t\t\t\t<div class=\"elementor-widget-container\">\n\t\t\t\t\t\t\t\t\t<div class=\"elementor-button-wrapper\">\n\t\t\t\t\t<a class=\"elementor-button elementor-size-sm\" role=\"button\">\n\t\t\t\t\t\t<span class=\"elementor-button-content-wrapper\">\n\t\t\t\t\t\t<span class=\"elementor-button-icon\">\n\t\t\t\t<svg xmlns=\"http:\/\/www.w3.org\/2000\/svg\" width=\"128\" height=\"128\" viewBox=\"0 0 128 128\" fill=\"none\"><path d=\"M82.8849 39.8933C83.249 40.2724 83.5348 40.7196 83.7259 41.2092C83.9171 41.6989 84.0099 42.2214 83.999 42.747C83.9881 43.2725 83.8738 43.7907 83.6624 44.272C83.4511 44.7533 83.147 45.1883 82.7675 45.552L66.1009 61.552C65.3561 62.2658 64.3644 62.6644 63.3329 62.6644C62.3013 62.6644 61.3096 62.2658 60.5649 61.552L50.5649 51.952C50.1684 51.5928 49.8481 51.1579 49.6228 50.6727C49.3974 50.1876 49.2717 49.6622 49.2529 49.1277C49.2342 48.5931 49.3229 48.0602 49.5137 47.5605C49.7046 47.0608 49.9937 46.6045 50.364 46.2185C50.7343 45.8325 51.1782 45.5247 51.6696 45.3133C52.1609 45.1019 52.6897 44.9912 53.2246 44.9877C53.7594 44.9842 54.2896 45.0881 54.7836 45.2931C55.2777 45.4981 55.7256 45.8002 56.1009 46.1813L63.3329 53.12L77.2315 39.7813C77.997 39.0476 79.0224 38.6478 80.0825 38.6698C81.1425 38.6918 82.1505 39.1285 82.8849 39.8933Z\" fill=\"white\"><\/path><path fill-rule=\"evenodd\" clip-rule=\"evenodd\" d=\"M20.0005 42.6666C20.0005 35.9478 22.6695 29.5042 27.4205 24.7533C32.1714 20.0024 38.615 17.3333 45.3338 17.3333H98.6672C103.819 17.3333 108 21.5146 108 26.6666V106.667C108 109.142 107.017 111.516 105.267 113.266C103.516 115.017 101.143 116 98.6672 116H40.0005C34.6962 116 29.6091 113.893 25.8584 110.142C22.1076 106.391 20.0005 101.304 20.0005 96V42.6666ZM28.0005 80C31.4595 77.398 35.6721 75.9938 40.0005 76H100V26.6666C100 26.313 99.86 25.9739 99.61 25.7238C99.3599 25.4738 99.0208 25.3333 98.6672 25.3333H45.3338C40.7367 25.3333 36.3279 27.1595 33.0773 30.4101C29.8267 33.6608 28.0005 38.0696 28.0005 42.6666V80ZM28.0005 96C28.0005 99.1826 29.2648 102.235 31.5152 104.485C33.7656 106.736 36.8179 108 40.0005 108H98.6672C99.0208 108 99.3599 107.859 99.61 107.609C99.86 107.359 100 107.02 100 106.667V84H40.0005C36.8179 84 33.7656 85.2643 31.5152 87.5147C29.2648 89.7651 28.0005 92.8174 28.0005 96Z\" fill=\"white\"><\/path><\/svg>\t\t\t<\/span>\n\t\t\t\t\t\t\t\t\t<span class=\"elementor-button-text\">Inscri\u00e7\u00f5es encerradas<\/span>\n\t\t\t\t\t<\/span>\n\t\t\t\t\t<\/a>\n\t\t\t\t<\/div>\n\t\t\t\t\t\t\t\t<\/div>\n\t\t\t\t<\/div>\n\t\t\t\t<\/div>\n\t\t\t\t<\/div>\n\t\t\t\t<\/div>\n\t\t\t\t<\/div>\n\t\t\t\t\t<\/div>\n\t\t\t\t<\/div>\n\t\t\t\t<\/div>\n\t\t\t\t<\/div>\n\t\t","protected":false},"excerpt":{"rendered":"<p>Curso Te\u00f3rico de Qualifica\u00e7\u00e3o em T\u00e9cnicas de Esteriliza\u00e7\u00e3o Cir\u00fargicas Minimamente Invasivas em C\u00e3es e Gatos O Curso Te\u00f3rico de Qualifica\u00e7\u00e3o em T\u00e9cnicas de Esteriliza\u00e7\u00e3o Cir\u00fargica Minimamente Invasiva em C\u00e3es e Gatos \u00e9 ofertado em parceria entre o Minist\u00e9rio do Meio Ambiente e Mudan\u00e7a do Clima (MMA), a Universidade Federal de Alagoas (UFAL) e a Universidade Federal do Paran\u00e1 (UFPR), tem como objetivo fortalecer as a\u00e7\u00f5es de manejo populacional \u00e9tico de c\u00e3es e gatos, promovendo pr\u00e1ticas cir\u00fargicas respons\u00e1veis, seguras e alinhadas ao respeito \u00e0 vida. A esteriliza\u00e7\u00e3o cir\u00fargica \u00e9 reconhecida como um m\u00e9todo seguro, eficaz e humanit\u00e1rio de controle reprodutivo, garantindo resultados precisos e permanentes. Por isso, \u00e9 fundamental que profissionais da Medicina Veterin\u00e1ria mantenham-se atualizados em t\u00e9cnicas minimamente invasivas \u2014 aplic\u00e1veis tanto a animais de companhia quanto \u00e0queles em situa\u00e7\u00e3o de abandono \u2014 contribuindo para o bem-estar animal, a sa\u00fade p\u00fablica e a prote\u00e7\u00e3o ambiental. Etapas do Curso 1. Parte Te\u00f3rica (on-line) Pr\u00e9-inscri\u00e7\u00e3o exclusiva para m\u00e9dicos-veterin\u00e1rios regularmente inscritos nos seus respectivos Conselhos Regionais de Medicina Veterin\u00e1ria.Per\u00edodo de pr\u00e9-inscri\u00e7\u00e3o: 08\/12\/2025 a 24\/01\/2026.Os candidatos aptos receber\u00e3o um link fechado para efetivar a inscri\u00e7\u00e3o. 2. Parte Pr\u00e1tica Presencial Vagas inicialmente limitadas, preenchidas conforme crit\u00e9rios de prioridade.Locais de realiza\u00e7\u00e3o:UFAL \u2013 Universidade Federal de AlagoasUFPR \u2013 Universidade Federal do Paran\u00e1 Carga hor\u00e1ria: 16 horas\/aula (em dois dias, conforme agendamento).Despesas de deslocamento e hospedagem s\u00e3o de reponsabilidade do participante. Crit\u00e9rios de Prioridade para as Vagas Presenciais M\u00e9dicos-veterin\u00e1rios do servi\u00e7o p\u00fablico que atuem em programas municipais de manejo populacional ou em Unidades de Conserva\u00e7\u00e3o. M\u00e9dicos-veterin\u00e1rios que: Atuam em projetos financiados pelo MMA; Trabalham h\u00e1 mais de 12 meses em ONGs, abrigos ou mutir\u00f5es de castra\u00e7\u00e3o; Possuem v\u00ednculo com institui\u00e7\u00f5es de ensino de Medicina Veterin\u00e1ria; Atuam em cl\u00ednicas ou hospitais privados que atendem ONGs e mutir\u00f5es; Atuam em munic\u00edpios com popula\u00e7\u00e3o inferior a 50 mil habitantes. Carga Hor\u00e1ria 22 horas Modalidade 100% online P\u00fablico-alvo Este curso \u00e9 voltado exclusivamente a M\u00e9dicos-Veterin\u00e1rios, com \u00eanfase na qualifica\u00e7\u00e3o de gestores e profissionais engajados na promo\u00e7\u00e3o de Pol\u00edticas P\u00fablicas de Sa\u00fade Animal. Objetivo Geral Qualificar m\u00e9dicos veterin\u00e1rios para atuarem em programas de manejo populacional \u00e9tico nos munic\u00edpios, em conson\u00e2ncia com o Programa Nacional de Prote\u00e7\u00e3o e Manejo Populacional \u00c9tico de C\u00e3es e Gatos. Conte\u00fado Program\u00e1tico M\u00f3dulo 01 \u2013 Programa de manejo populacional e aspectos epidemiol\u00f3gicosM\u00f3dulo 02 \u2013 ZoonosesM\u00f3dulo 03 \u2013 T\u00f3picos aplicados \u00e0 anestesia e cirurgia em campanhas de esteriliza\u00e7\u00e3o Inscri\u00e7\u00f5es encerradas<\/p>\n","protected":false},"author":1,"featured_media":2043,"parent":0,"menu_order":0,"comment_status":"closed","ping_status":"closed","template":"","meta":{"footnotes":""},"class_list":["post-1866","page","type-page","status-publish","has-post-thumbnail","hentry"],"_links":{"self":[{"href":"https:\/\/educamb.mma.gov.br\/index.php?rest_route=\/wp\/v2\/pages\/1866","targetHints":{"allow":["GET"]}}],"collection":[{"href":"https:\/\/educamb.mma.gov.br\/index.php?rest_route=\/wp\/v2\/pages"}],"about":[{"href":"https:\/\/educamb.mma.gov.br\/index.php?rest_route=\/wp\/v2\/types\/page"}],"author":[{"embeddable":true,"href":"https:\/\/educamb.mma.gov.br\/index.php?rest_route=\/wp\/v2\/users\/1"}],"replies":[{"embeddable":true,"href":"https:\/\/educamb.mma.gov.br\/index.php?rest_route=%2Fwp%2Fv2%2Fcomments&post=1866"}],"version-history":[{"count":50,"href":"https:\/\/educamb.mma.gov.br\/index.php?rest_route=\/wp\/v2\/pages\/1866\/revisions"}],"predecessor-version":[{"id":2119,"href":"https:\/\/educamb.mma.gov.br\/index.php?rest_route=\/wp\/v2\/pages\/1866\/revisions\/2119"}],"wp:featuredmedia":[{"embeddable":true,"href":"https:\/\/educamb.mma.gov.br\/index.php?rest_route=\/wp\/v2\/media\/2043"}],"wp:attachment":[{"href":"https:\/\/educamb.mma.gov.br\/index.php?rest_route=%2Fwp%2Fv2%2Fmedia&parent=1866"}],"curies":[{"name":"wp","href":"https:\/\/api.w.org\/{rel}","templated":true}]}}